{"id":451,"date":"2020-12-11T12:43:28","date_gmt":"2020-12-11T12:43:28","guid":{"rendered":"https:\/\/ciprianpocreata.ro\/about\/"},"modified":"2025-03-12T16:22:40","modified_gmt":"2025-03-12T16:22:40","slug":"about","status":"publish","type":"page","link":"https:\/\/ciprianpocreata.ro\/home\/about\/","title":{"rendered":"About"},"content":{"rendered":"<!--themify_builder_content-->\n<div id=\"themify_builder_content-451\" data-postid=\"451\" class=\"themify_builder_content themify_builder_content-451 themify_builder tf_clear\">\n    \t\t\t<!-- module_row -->\n\t<div  data-lazy=\"1\" class=\"module_row themify_builder_row tb_oigu845 tb_first tf_w tf_clearfix\">\n\t    \t\t\t<div class=\"row_inner col_align_top tb_col_count_2 tf_box tf_rel\">\n\t\t            <div  data-lazy=\"1\" class=\"module_column tb-column col4-2 tb_60b0846 first\">\n                                                        <div class=\"tb-column-inner tf_box tf_w\">\n                        <!-- module image -->\n<div  class=\"module module-image tb_tw0a847 rounded drop-shadow bordered  image-top tf_mw\" data-lazy=\"1\">\n        <div class=\"image-wrap tf_rel tf_mw\">\n\t\t    <img loading=\"lazy\" decoding=\"async\" src=\"https:\/\/ciprianpocreata.ro\/wp-content\/uploads\/2024\/04\/Z62_3148-Edit-2-681x1024-613x921.jpg\" width=\"613\" height=\"921\" class=\"wp-post-image wp-image-2410\" title=\"Z62_3148-Edit-2\" alt=\"Z62_3148-Edit-2\" srcset=\"https:\/\/ciprianpocreata.ro\/wp-content\/uploads\/2024\/04\/Z62_3148-Edit-2-681x1024-613x921.jpg 613w, https:\/\/ciprianpocreata.ro\/wp-content\/uploads\/2024\/04\/Z62_3148-Edit-2-200x300.jpg 200w, https:\/\/ciprianpocreata.ro\/wp-content\/uploads\/2024\/04\/Z62_3148-Edit-2-681x1024.jpg 681w, https:\/\/ciprianpocreata.ro\/wp-content\/uploads\/2024\/04\/Z62_3148-Edit-2-768x1154.jpg 768w, https:\/\/ciprianpocreata.ro\/wp-content\/uploads\/2024\/04\/Z62_3148-Edit-2-1022x1536.jpg 1022w, https:\/\/ciprianpocreata.ro\/wp-content\/uploads\/2024\/04\/Z62_3148-Edit-2-1363x2048.jpg 1363w, https:\/\/ciprianpocreata.ro\/wp-content\/uploads\/2024\/04\/Z62_3148-Edit-2-scaled.jpg 1703w\" sizes=\"auto, (max-width: 613px) 100vw, 613px\" \/>\t\n\t\t<\/div>\n\t<!-- \/image-wrap -->\n    \n    \t<\/div>\n<!-- \/module image -->                    <\/div><!-- .tb-column-inner -->\n                            <\/div><!-- .module_column -->\n                        <div  data-lazy=\"1\" class=\"module_column tb-column col4-2 tb_d10f848 last\">\n                                                        <div class=\"tb-column-inner tf_box tf_w\">\n                        <!-- module text -->\n<div  class=\"module module-text tb_98oz849   \" data-lazy=\"1\">\n        <div  class=\"tb_text_wrap\">\n    <h4>Povestea mea<\/h4>\n<ul>\n<li id=\"1687971187306\" class=\"chat-content chat-response\"><em>M\u0103 numesc Pocrea\u021b\u0103 Ciprian, \u00een primul r\u00e2nd ce pot spune despre mine este c\u0103 sunt tat\u0103 a trei copii minuna\u021bi, so\u021b al unei femei extraordinare pe care o iubesc din toata inima, ei sunt motivul de care eu sunt aici, ei sunt inspira\u021bia mea \u0219i icoanele de unde imi iau lini\u0219tea sufleteasc\u0103, dar s\u0103 trecem la fotografie. \u00cenceputul meu \u00een fotografie a fost un simplu hobby pe care l-am dezvoltat de unul singur. Mereu am fost fascinat de puterea imaginilor de a transmite emo\u021bii \u0219i de a captura momente speciale. A\u0219a c\u0103 am \u00eenceput s\u0103 explorez acest domeniu pe cont propriu. Am achizi\u021bionat primul meu aparat foto \u0219i am \u00eenceput s\u0103 \u00eenv\u0103\u021b singur tehnicile de baz\u0103 ale fotografiei. Am citit c\u0103r\u021bi dup\u0103 care am absolvit cursul de preg\u0103tire profesional\u0103 (SinPro Timi\u0219oara) \u0219i am experimentat \u00een permanen\u021b\u0103. Am fotografiat tot ce mi-a atras aten\u021bia, de la peisaje \u0219i natur\u0103, la oameni \u0219i evenimente. Pe m\u0103sur\u0103 ce \u00eemi perfec\u021bionam abilit\u0103\u021bile, am \u00eenceput s\u0103 primesc cereri de la prieteni \u0219i cuno\u0219tin\u021be pentru a fotografia evenimentele speciale din via\u021ba lor. Am realizat c\u0103 pasiunea mea pentru fotografie putea deveni o surs\u0103 de venit \u0219i am hot\u0103r\u00e2t s\u0103 transform acest hobby \u00eentr-o meserie. Am investit \u00een echipament de calitate \u0219i am \u00eenceput s\u0103 promovez serviciile mele de fotografie. Am creat un portofoliu online \u0219i am participat la evenimente locale pentru a-mi face cunoscut\u0103 munca. Treptat, am \u00eenceput s\u0103 c\u00e2\u0219tig \u00eencrederea clien\u021bilor \u0219i am avut ocazia s\u0103 fotografiez diverse evenimente, de la nun\u021bi \u0219i botezuri, p\u00e2n\u0103 la sesiuni foto de familie \u0219i portrete.<\/em><\/li>\n<\/ul>    <\/div>\n<\/div>\n<!-- \/module text --><!-- module divider -->\n<div  class=\"module tf_mw module-divider tb_3dwp326 solid   \" style=\"border-width: 1px;border-color: #c9e4de;\" data-lazy=\"1\">\n    <\/div>\n<!-- \/module divider -->\n                    <\/div><!-- .tb-column-inner -->\n                            <\/div><!-- .module_column -->\n            \t    <\/div><!-- .row_inner -->\n\t<\/div><!-- .module_row -->\n\t\t\t\t<!-- module_row -->\n\t<div  data-lazy=\"1\" class=\"module_row themify_builder_row tb_uuao13 tf_w tf_clearfix\">\n\t    \t\t\t<div class=\"row_inner col_align_top tb_col_count_1 tf_box tf_rel\">\n\t\t            <div  data-lazy=\"1\" class=\"module_column tb-column col-full tb_b8gs13 first\">\n                                                        <div class=\"tb-column-inner tf_box tf_w\">\n                        <!-- module text -->\n<div  class=\"module module-text tb_ar6c14   \" data-lazy=\"1\">\n        <div  class=\"tb_text_wrap\">\n    <h4>hai s\u0103 lucram imreun\u0103<\/h4>\n<h3>Contacta\u021bi-ne pentru oferte si rezerv\u0103ri!<\/h3>    <\/div>\n<\/div>\n<!-- \/module text -->                    <\/div><!-- .tb-column-inner -->\n                            <\/div><!-- .module_column -->\n            \t    <\/div><!-- .row_inner -->\n\t<\/div><!-- .module_row -->\n\t\t\t\t<!-- module_row -->\n\t<div  data-lazy=\"1\" class=\"module_row themify_builder_row tb_90pg149 tf_w tf_clearfix\">\n\t    \t\t\t<div class=\"row_inner col_align_top tb_col_count_1 tf_box tf_rel\">\n\t\t            <div  data-lazy=\"1\" class=\"module_column tb-column col-full tb_k5be150 first\">\n                                                        <div class=\"tb-column-inner tf_box tf_w\">\n                        <!-- module image -->\n<div  class=\"module module-image tb_qfnk150   image-center tf_mw\" data-lazy=\"1\">\n        <div class=\"image-wrap tf_rel tf_mw\">\n\t\t    <img loading=\"lazy\" decoding=\"async\" src=\"https:\/\/ciprianpocreata.ro\/wp-content\/uploads\/2023\/06\/leaf-blue-ornament-54x64.png\" width=\"54\" height=\"64\" class=\"wp-post-image wp-image-423\" title=\"leaf-blue-ornament\" alt=\"leaf-blue-ornament\">\t\n\t\t<\/div>\n\t<!-- \/image-wrap -->\n    \n    \t<\/div>\n<!-- \/module image --><!-- module text -->\n<div  class=\"module module-text tb_v8sx151   \" data-lazy=\"1\">\n        <div  class=\"tb_text_wrap\">\n    <h3>Gallery<\/h3>\n<p>Te a\u0219tept\u0103m pe Facebook sau WhatsApp!<\/p>    <\/div>\n<\/div>\n<!-- \/module text --><!-- module divider -->\n<div  class=\"module tf_mw module-divider tb_9z09151 solid  divider-custom divider-center\" style=\"border-width: 1px;border-color: #000000;width: 50px;\" data-lazy=\"1\">\n    <\/div>\n<!-- \/module divider -->\n<!-- module gallery -->\n<div  class=\"module gallery module-gallery tb_h7ax151 layout-grid  \" data-lazy=\"1\">\n    <\/div>\n<!-- \/module gallery -->                    <\/div><!-- .tb-column-inner -->\n                            <\/div><!-- .module_column -->\n            \t    <\/div><!-- .row_inner -->\n\t<\/div><!-- .module_row -->\n\t<\/div>\n<!--\/themify_builder_content-->","protected":false},"excerpt":{"rendered":"<p>our story YOUR OFFICIAL THIRD-WHEELERS SINCE 2008 What started as a hobby taking photos of close friends and families at special occasions, my partner and I met at a time when I was starting to take photography seriously.\u00a0 Pairing one&#8217;s business acumen and the other&#8217;s visual talent, we decided to shape Wedding Photography and the [&hellip;]<\/p>\n","protected":false},"author":1,"featured_media":0,"parent":0,"menu_order":0,"comment_status":"closed","ping_status":"closed","template":"","meta":{"footnotes":""},"class_list":["post-451","page","type-page","status-publish","hentry","has-post-title","has-post-date","has-post-category","has-post-tag","has-post-comment","has-post-author",""],"builder_content":"<img src=\"https:\/\/ciprianpocreata.ro\/wp-content\/uploads\/2024\/04\/Z62_3148-Edit-2-681x1024-613x921.jpg\" width=\"613\" height=\"921\" title=\"Z62_3148-Edit-2\" alt=\"Z62_3148-Edit-2\" srcset=\"https:\/\/ciprianpocreata.ro\/wp-content\/uploads\/2024\/04\/Z62_3148-Edit-2-681x1024-613x921.jpg 613w, https:\/\/ciprianpocreata.ro\/wp-content\/uploads\/2024\/04\/Z62_3148-Edit-2-200x300.jpg 200w, https:\/\/ciprianpocreata.ro\/wp-content\/uploads\/2024\/04\/Z62_3148-Edit-2-681x1024.jpg 681w, https:\/\/ciprianpocreata.ro\/wp-content\/uploads\/2024\/04\/Z62_3148-Edit-2-768x1154.jpg 768w, https:\/\/ciprianpocreata.ro\/wp-content\/uploads\/2024\/04\/Z62_3148-Edit-2-1022x1536.jpg 1022w, https:\/\/ciprianpocreata.ro\/wp-content\/uploads\/2024\/04\/Z62_3148-Edit-2-1363x2048.jpg 1363w, https:\/\/ciprianpocreata.ro\/wp-content\/uploads\/2024\/04\/Z62_3148-Edit-2-scaled.jpg 1703w\" sizes=\"(max-width: 613px) 100vw, 613px\" \/>\n<h4>Povestea mea<\/h4> <ul> <li id=\"1687971187306\"><em>M\u0103 numesc Pocrea\u021b\u0103 Ciprian, \u00een primul r\u00e2nd ce pot spune despre mine este c\u0103 sunt tat\u0103 a trei copii minuna\u021bi, so\u021b al unei femei extraordinare pe care o iubesc din toata inima, ei sunt motivul de care eu sunt aici, ei sunt inspira\u021bia mea \u0219i icoanele de unde imi iau lini\u0219tea sufleteasc\u0103, dar s\u0103 trecem la fotografie. \u00cenceputul meu \u00een fotografie a fost un simplu hobby pe care l-am dezvoltat de unul singur. Mereu am fost fascinat de puterea imaginilor de a transmite emo\u021bii \u0219i de a captura momente speciale. A\u0219a c\u0103 am \u00eenceput s\u0103 explorez acest domeniu pe cont propriu. Am achizi\u021bionat primul meu aparat foto \u0219i am \u00eenceput s\u0103 \u00eenv\u0103\u021b singur tehnicile de baz\u0103 ale fotografiei. Am citit c\u0103r\u021bi dup\u0103 care am absolvit cursul de preg\u0103tire profesional\u0103 (SinPro Timi\u0219oara) \u0219i am experimentat \u00een permanen\u021b\u0103. Am fotografiat tot ce mi-a atras aten\u021bia, de la peisaje \u0219i natur\u0103, la oameni \u0219i evenimente. Pe m\u0103sur\u0103 ce \u00eemi perfec\u021bionam abilit\u0103\u021bile, am \u00eenceput s\u0103 primesc cereri de la prieteni \u0219i cuno\u0219tin\u021be pentru a fotografia evenimentele speciale din via\u021ba lor. Am realizat c\u0103 pasiunea mea pentru fotografie putea deveni o surs\u0103 de venit \u0219i am hot\u0103r\u00e2t s\u0103 transform acest hobby \u00eentr-o meserie. Am investit \u00een echipament de calitate \u0219i am \u00eenceput s\u0103 promovez serviciile mele de fotografie. Am creat un portofoliu online \u0219i am participat la evenimente locale pentru a-mi face cunoscut\u0103 munca. Treptat, am \u00eenceput s\u0103 c\u00e2\u0219tig \u00eencrederea clien\u021bilor \u0219i am avut ocazia s\u0103 fotografiez diverse evenimente, de la nun\u021bi \u0219i botezuri, p\u00e2n\u0103 la sesiuni foto de familie \u0219i portrete.<\/em><\/li> <\/ul>\n\n<h4>hai s\u0103 lucram imreun\u0103<\/h4> <h3>Contacta\u021bi-ne pentru oferte si rezerv\u0103ri!<\/h3>\n<img src=\"https:\/\/ciprianpocreata.ro\/wp-content\/uploads\/2023\/06\/leaf-blue-ornament-54x64.png\" width=\"54\" height=\"64\" title=\"leaf-blue-ornament\" alt=\"leaf-blue-ornament\">\n<h3>Gallery<\/h3> <p>Te a\u0219tept\u0103m pe Facebook sau WhatsApp!<\/p>\n\n[gallery ids=\"122,123,124,125,126\"]","_links":{"self":[{"href":"https:\/\/ciprianpocreata.ro\/home\/wp-json\/wp\/v2\/pages\/451","targetHints":{"allow":["GET"]}}],"collection":[{"href":"https:\/\/ciprianpocreata.ro\/home\/wp-json\/wp\/v2\/pages"}],"about":[{"href":"https:\/\/ciprianpocreata.ro\/home\/wp-json\/wp\/v2\/types\/page"}],"author":[{"embeddable":true,"href":"https:\/\/ciprianpocreata.ro\/home\/wp-json\/wp\/v2\/users\/1"}],"replies":[{"embeddable":true,"href":"https:\/\/ciprianpocreata.ro\/home\/wp-json\/wp\/v2\/comments?post=451"}],"version-history":[{"count":22,"href":"https:\/\/ciprianpocreata.ro\/home\/wp-json\/wp\/v2\/pages\/451\/revisions"}],"predecessor-version":[{"id":4288,"href":"https:\/\/ciprianpocreata.ro\/home\/wp-json\/wp\/v2\/pages\/451\/revisions\/4288"}],"wp:attachment":[{"href":"https:\/\/ciprianpocreata.ro\/home\/wp-json\/wp\/v2\/media?parent=451"}],"curies":[{"name":"wp","href":"https:\/\/api.w.org\/{rel}","templated":true}]}}